{"id":442,"date":"2015-11-17T05:09:58","date_gmt":"2015-11-17T05:09:58","guid":{"rendered":"http:\/\/logistics.stylemixthemes.com\/demo\/?page_id=442"},"modified":"2026-05-04T13:18:31","modified_gmt":"2026-05-04T10:18:31","slug":"contact","status":"publish","type":"page","link":"https:\/\/vebmar.com\/home\/contact\/","title":{"rendered":"CONTACT"},"content":{"rendered":"<div class=\"wpb-content-wrapper\"><p>[vc_row][vc_column][vc_column_text css=&#8221;&#8221;]<\/p>\n<h2>GET IN TOUCH<\/h2>\n<p>If you have any question about VEBMAR or how we can support your business, please contact us directly using the contact details below.[\/vc_column_text][\/vc_column][\/vc_row][vc_row][vc_column][vc_empty_space][\/vc_column][\/vc_row][vc_row css=&#8221;.vc_custom_1449207080478{margin-bottom: 60px !important;}&#8221;][vc_column width=&#8221;1\/3&#8243; offset=&#8221;vc_col-lg-4 vc_col-md-4&#8243; css=&#8221;.vc_custom_1449207085340{margin-bottom: 30px !important;}&#8221;][vc_column_text css=&#8221;&#8221;][stm_icon icon_position=&#8221;icon_position_left&#8221; icon_size=&#8221;30&#8243; icon_width=&#8221;95&#8243; title_font_size=&#8221;14&#8243; title_font_weight=&#8221;500&#8243; icon=&#8221;stm-email&#8221; icon_color=&#8221;#309b9b&#8221; title=&#8221;MAIL&#8221; text=&#8221;spare@vebmar.com<br \/>\nservice@vebmar.com&#8221; title_color=&#8221;#309b9b&#8221; text_color=&#8221;#000000&#8243;][\/vc_column_text][\/vc_column][vc_column width=&#8221;1\/3&#8243;][vc_gmaps link=&#8221;#E-8_JTNDaWZyYW1lJTIwc3JjJTNEJTIyaHR0cHMlM0ElMkYlMkZ3d3cuZ29vZ2xlLmNvbSUyRm1hcHMlMkZlbWJlZCUzRnBiJTNEJTIxMW0xNCUyMTFtOCUyMTFtMyUyMTFkMTIwMzEuNjA0OTM2NTgxNjYyJTIxMmQyOS4wMTUzNDkwOTk5OTk5OTglMjEzZDQxLjA3MTE1MTUwMDAwMDAzNSUyMTNtMiUyMTFpMTAyNCUyMTJpNzY4JTIxNGYxMy4xJTIxM20zJTIxMW0yJTIxMXMweDE0Y2FiNjQ0MzBiM2I5ZDclMjUzQTB4NGY5ZGQ2NmZkZTQ4MjI5JTIxMnpWbVZpYldGeUlFM0R2R2d1SUNZZ1IyVnRhU0RFc01XZmJDNCUyMTVlMCUyMTNtMiUyMTFzdHIlMjEyc3RyJTIxNHYxNTYyMTgyMDI0ODQ0JTIxNW0yJTIxMXN0ciUyMTJzdHIlMjIlMjB3aWR0aCUzRCUyMjYwMCUyMiUyMGhlaWdodCUzRCUyMjQ1MCUyMiUyMGZyYW1lYm9yZGVyJTNEJTIyMCUyMiUyMHN0eWxlJTNEJTIyYm9yZGVyJTNBMCUyMiUyMGFsbG93ZnVsbHNjcmVlbiUzRSUzQyUyRmlmcmFtZSUzRQ==&#8221;][stm_icon icon_position=&#8221;icon_position_left&#8221; icon_size=&#8221;30&#8243; icon_width=&#8221;95&#8243; title_font_size=&#8221;14&#8243; title_font_weight=&#8221;500&#8243; icon=&#8221;fa fa-map-marker&#8221; icon_color=&#8221;#309b9b&#8221; title=&#8221;MAIN OFFICE&#8221; text=&#8221;Nisbetiye Mh. Gazi G\u00fc\u00e7nar Sk. Uygur \u0130\u015f Merkesi No:4 D:12<br \/>\n34340 Be\u015fikta\u015f \/ \u0130stanbul&#8221; title_color=&#8221;#309b9b&#8221; text_color=&#8221;#000000&#8243;][stm_icon icon_position=&#8221;icon_position_left&#8221; icon_size=&#8221;30&#8243; icon_width=&#8221;95&#8243; title_font_size=&#8221;14&#8243; title_font_weight=&#8221;500&#8243; icon=&#8221;stm-phone&#8221; icon_color=&#8221;#309b9b&#8221; title=&#8221;Mon \u2014 Sat: 9AM \u2014 6PM&#8221; text=&#8221;+90 212 696 66 55&#8243; title_color=&#8221;#309b9b&#8221; text_color=&#8221;#000000&#8243;][\/vc_column][vc_column width=&#8221;1\/3&#8243;][vc_gmaps link=&#8221;#E-8_JTNDaWZyYW1lJTIwc3JjJTNEJTIyaHR0cHMlM0ElMkYlMkZ3d3cuZ29vZ2xlLmNvbSUyRm1hcHMlMkZlbWJlZCUzRnBiJTNEJTIxMW0xOCUyMTFtMTIlMjExbTMlMjExZDMwMTguMzMzNTQ5MDU5MzExJTIxMmQyOS4yOTA4NTIyNDk5Mjc1JTIxM2Q0MC44NDI2MDAxMDAzNjYyNSUyMTJtMyUyMTFmMCUyMTJmMCUyMTNmMCUyMTNtMiUyMTFpMTAyNCUyMTJpNzY4JTIxNGYxMy4xJTIxM20zJTIxMW0yJTIxMXMweDE0Y2FkYzQ1ZTM3YjZiZDElMjUzQTB4ODdkZGU3MGJjYzFiMjA2NCUyMTJzRXZsaXlhJTI1MjAlMjVDMyUyNTg3ZWxlYmklMjUyQyUyNTIwUGVrZXIlMjUyMFNrLiUyNTIwMjYlMjUyRkMlMjUyQyUyNTIwMzQ5NDQlMjUyMFR1emxhJTI1MkYlMjVDNCUyNUIwc3RhbmJ1bCUyMTVlMCUyMTNtMiUyMTFzdHIlMjEyc3RyJTIxNHYxNzMzMzE1MTMzNjY1JTIxNW0yJTIxMXN0ciUyMTJzdHIlMjIlMjB3aWR0aCUzRCUyMjYwMCUyMiUyMGhlaWdodCUzRCUyMjQ1MCUyMiUyMHN0eWxlJTNEJTIyYm9yZGVyJTNBMCUzQiUyMiUyMGFsbG93ZnVsbHNjcmVlbiUzRCUyMiUyMiUyMGxvYWRpbmclM0QlMjJsYXp5JTIyJTIwcmVmZXJyZXJwb2xpY3klM0QlMjJuby1yZWZlcnJlci13aGVuLWRvd25ncmFkZSUyMiUzRSUzQyUyRmlmcmFtZSUzRQ==&#8221;][stm_icon icon_position=&#8221;icon_position_left&#8221; icon_size=&#8221;30&#8243; icon_width=&#8221;95&#8243; title_font_size=&#8221;14&#8243; title_font_weight=&#8221;500&#8243; align=&#8221;center&#8221; icon=&#8221;fa fa-map-marker&#8221; icon_color=&#8221;#309b9b&#8221; title=&#8221;TUZLA BRANCH OFFICE&#8221; text=&#8221;Evliya Celebi Mah. Peker Sk. No.26\/C&#8221; title_color=&#8221;#309b9b&#8221; text_color=&#8221;#000000&#8243;][stm_icon icon_position=&#8221;icon_position_left&#8221; icon_size=&#8221;30&#8243; icon_width=&#8221;95&#8243; title_font_size=&#8221;14&#8243; title_font_weight=&#8221;500&#8243; align=&#8221;center&#8221; icon=&#8221;stm-iphone&#8221; icon_color=&#8221;#309b9b&#8221; title=&#8221;24h Call Free&#8221; text=&#8221;+90 532 468 44 17<br \/>\n+90 532 682 26 48<br \/>\n+90 532 798 39 10&#8243; title_color=&#8221;#309b9b&#8221; text_color=&#8221;#000000&#8243;][\/vc_column][\/vc_row]<\/p>\n<\/div>","protected":false},"excerpt":{"rendered":"<p>[vc_row][vc_column][vc_column_text css=&#8221;&#8221;] GET IN TOUCH If you have any question about VEBMAR or how we can support your business, please contact us directly using the contact details below.[\/vc_column_text][\/vc_column][\/vc_row][vc_row][vc_column][vc_empty_space][\/vc_column][\/vc_row][vc_row css=&#8221;.vc_custom_1449207080478{margin-bottom: 60px !important;}&#8221;][vc_column width=&#8221;1\/3&#8243; offset=&#8221;vc_col-lg-4&#8230;<\/p>\n","protected":false},"author":1,"featured_media":0,"parent":0,"menu_order":6,"comment_status":"closed","ping_status":"closed","template":"","meta":{"footnotes":""},"class_list":["post-442","page","type-page","status-publish","hentry"],"_links":{"self":[{"href":"https:\/\/vebmar.com\/home\/wp-json\/wp\/v2\/pages\/442","targetHints":{"allow":["GET"]}}],"collection":[{"href":"https:\/\/vebmar.com\/home\/wp-json\/wp\/v2\/pages"}],"about":[{"href":"https:\/\/vebmar.com\/home\/wp-json\/wp\/v2\/types\/page"}],"author":[{"embeddable":true,"href":"https:\/\/vebmar.com\/home\/wp-json\/wp\/v2\/users\/1"}],"replies":[{"embeddable":true,"href":"https:\/\/vebmar.com\/home\/wp-json\/wp\/v2\/comments?post=442"}],"version-history":[{"count":67,"href":"https:\/\/vebmar.com\/home\/wp-json\/wp\/v2\/pages\/442\/revisions"}],"predecessor-version":[{"id":2571,"href":"https:\/\/vebmar.com\/home\/wp-json\/wp\/v2\/pages\/442\/revisions\/2571"}],"wp:attachment":[{"href":"https:\/\/vebmar.com\/home\/wp-json\/wp\/v2\/media?parent=442"}],"curies":[{"name":"wp","href":"https:\/\/api.w.org\/{rel}","templated":true}]}}